{"id":337,"date":"2022-03-20T09:16:42","date_gmt":"2022-03-20T09:16:42","guid":{"rendered":"https:\/\/psychotherapie-agnesschmelmer.de\/?page_id=337"},"modified":"2025-07-30T19:19:32","modified_gmt":"2025-07-30T19:19:32","slug":"kosten","status":"publish","type":"page","link":"https:\/\/psychotherapie-agnesschmelmer.de\/?page_id=337","title":{"rendered":"KOSTEN"},"content":{"rendered":"\n<div id=\"wp-block-themeisle-blocks-advanced-columns-d82fbff0\" class=\"wp-block-themeisle-blocks-advanced-columns has-1-columns has-desktop-equal-layout has-tablet-equal-layout has-mobile-equal-layout has-vertical-unset\"><div class=\"wp-block-themeisle-blocks-advanced-columns-overlay\"><\/div><div class=\"innerblocks-wrap\">\n<div id=\"wp-block-themeisle-blocks-advanced-column-41ddc455\" class=\"wp-block-themeisle-blocks-advanced-column\"><\/div>\n<\/div><\/div>\n\n\n\n<p class=\"has-text-align-center has-ast-global-color-8-color has-text-color\"><strong>Kosten<\/strong><\/p>\n\n\n\n<div class=\"wp-block-columns is-layout-flex wp-container-core-columns-is-layout-28f84493 wp-block-columns-is-layout-flex\">\n<div class=\"wp-block-column is-layout-flow wp-block-column-is-layout-flow\"><\/div>\n\n\n\n<div class=\"wp-block-column is-layout-flow wp-block-column-is-layout-flow\">\n<hr class=\"wp-block-separator has-text-color has-vivid-cyan-blue-color has-css-opacity has-vivid-cyan-blue-background-color has-background is-style-wide\"\/>\n<\/div>\n\n\n\n<div class=\"wp-block-column is-layout-flow wp-block-column-is-layout-flow\"><\/div>\n<\/div>\n\n\n\n<div class=\"wp-block-columns is-layout-flex wp-container-core-columns-is-layout-28f84493 wp-block-columns-is-layout-flex\">\n<div class=\"wp-block-column is-layout-flow wp-block-column-is-layout-flow\">\n<div id=\"wp-block-themeisle-blocks-accordion-4cf849fa\" class=\"wp-block-themeisle-blocks-accordion exclusive\">\n<details class=\"wp-block-themeisle-blocks-accordion-item\"><summary class=\"wp-block-themeisle-blocks-accordion-item__title\"><div>Privat versichert<\/div><\/summary><div class=\"wp-block-themeisle-blocks-accordion-item__content\">\n<p>Die Abrechnung erfolgt nach der Geb\u00fchrenordnung f\u00fcr Psychotherapeuten (GOP). <\/p>\n\n\n\n<p>Grunds\u00e4tzlich \u00fcbernehmen private Krankenkassen und ggf. die Beihilfestellen die Therapiekosten zu einem gro\u00dfen Teil. In Ihrem Versicherungsvertrag und der Beihilfeordnung ist geregelt, ob und in welchem Umfang psychotherapeutische Leistungen erstattet werden.<\/p>\n\n\n\n<p>Als staatlich approbierte psychologische Psychotherapeutin bin ich zur Aus\u00fcbung der Heilkunde zugelassen. Meine Behandlungskosten werden von privaten Krankenversicherungen und der Beihilfe nach der Geb\u00fchrenordnung f\u00fcr Psychotherapeuten \u00fcbernommen. <\/p>\n\n\n\n<p>Im Einzelfall h\u00e4ngt die Kostenerstattung von Ihrem Vertrag ab. In manchen F\u00e4llen wird ein kurzer Antrag, in anderen F\u00e4llen ein ausf\u00fchrlicher Bericht an den Gutachter von der Psychotherapeutin und ein Konsiliarbericht von einem Facharzt vor Antritt der Psychotherapie verlangt. Erkundigen Sie sich am besten direkt bei Ihrem Sachbearbeiter, was Sie ben\u00f6tigen. Ich helfe Ihnen gern bei der Umsetzung und erstelle den entsprechenden Bericht f\u00fcr den Gutachter.<\/p>\n<\/div><\/details>\n<\/div>\n\n\n\n<div id=\"wp-block-themeisle-blocks-accordion-1733dcf9\" class=\"wp-block-themeisle-blocks-accordion exclusive\">\n<details class=\"wp-block-themeisle-blocks-accordion-item\"><summary class=\"wp-block-themeisle-blocks-accordion-item__title\"><div>Gesetzlich versichert<\/div><\/summary><div class=\"wp-block-themeisle-blocks-accordion-item__content\">\n<p>F\u00fcr gesetzlich versicherte Patienten werden die Kosten f\u00fcr eine Psychotherapie in der Regel \u00fcbernommen.<br>In den meisten F\u00e4llen erfolgt der erste Kontakt \u00fcber die Psychotherapeutische Sprechstunde, in der die Erstdiagnose gestellt und abgekl\u00e4rt wird, ob eine Psychotherapie, eine Akutbehandlung oder eine andere Empfehlung angezeigt ist. \u00dcber das Ergebnis erhalten Sie eine schriftliche Information.<br>Eine Akutbehandlung kann sich anschlie\u00dfen, wenn eine Krisenbehandlung oder eine schnelle Behandlung indiziert ist, um eine Chronifizierung zu vermeiden. Sie umfasst max. 12 Sitzungen im Jahr und ist nicht mit einer Psychotherapie zu verwechseln.<br>Die umfassende und l\u00e4ngerfristige Behandlung einer psychischen Erkrankung erfolgt mittels einer Psychotherapie. Die Psychotherapie ist genehmigungspflichtig. Zun\u00e4chst finden mind. zwei probatorische Sitzungen statt, in denen abgekl\u00e4rt wird, ob die beabsichtigte Psychotherapie bei Ihnen erfolgversprechend und die Beziehung zwischen Patient\/in und Therapeut\/in tragf\u00e4hig ist. Zudem werden Behandlungsumfang und Frequenz der einzelnen Behandlungen festgelegt. In dieser probatorischen Phase entscheiden wir gemeinsam, ob eine Psychotherapie regul\u00e4r aufgenommen und eine Kosten\u00fcbernahme bei dem zust\u00e4ndigen Kostentr\u00e4ger beantragt werden soll.<\/p>\n<\/div><\/details>\n<\/div>\n<\/div>\n\n\n\n<div class=\"wp-block-column is-layout-flow wp-block-column-is-layout-flow\">\n<div id=\"wp-block-themeisle-blocks-accordion-9556373e\" class=\"wp-block-themeisle-blocks-accordion exclusive\">\n<details class=\"wp-block-themeisle-blocks-accordion-item\"><summary class=\"wp-block-themeisle-blocks-accordion-item__title\"><div>Selbstzahler<\/div><\/summary><div class=\"wp-block-themeisle-blocks-accordion-item__content\">\n<p>Neben der Abrechnung \u00fcber Ihre private Krankenversicherung oder Beihilfe besteht auch die M\u00f6glichkeit, die Kosten einer ambulanten Therapie selbst zu \u00fcbernehmen. Dies scheint manchmal sinnvoll, um die Krankenkasse nicht dar\u00fcber informieren zu m\u00fcssen, dass Sie f\u00fcr sich eine psychotherapeutische Behandlung in Anspruch nehmen. <\/p>\n\n\n\n<p>Die Abrechnung erfolgt nach der Geb\u00fchrenordnung f\u00fcr Psychotherapeuten (GOP), wonach eine 50-minutige Sitzung Verhaltenstherapie mit einem Honorar von 134,07 \u20ac in Rechnung gestellt wird.<\/p>\n<\/div><\/details>\n<\/div>\n\n\n\n<div id=\"wp-block-themeisle-blocks-accordion-471c135b\" class=\"wp-block-themeisle-blocks-accordion exclusive\">\n<details class=\"wp-block-themeisle-blocks-accordion-item\"><summary class=\"wp-block-themeisle-blocks-accordion-item__title\"><div>Behandlung von Soldaten<\/div><\/summary><div class=\"wp-block-themeisle-blocks-accordion-item__content\">\n<p>Soldaten haben die M\u00f6glichkeit, eine Psychotherapie in einer niedergelassenen Praxis f\u00fcr Psychotherapie in Anspruch zu nehmen. Hierzu wird lediglich eine \u00dcberweisung des Truppenarztes zu einem Psychotherapeuten ben\u00f6tigt, sodass die Kosten f\u00fcr die Psychotherapie vom Dienstherrn getragen werden.<\/p>\n\n\n\n<p>Zum ersten Termin legen Sie mir bitte den Sanit\u00e4tsvordruck \u201cKosten\u00fcbernahmeerkl\u00e4rung\u201d (San\/BW\/0218) vor, auf dessen Grundlage die probatorischen Sitzungen durchgef\u00fchrt und abgerechnet werden k\u00f6nnen.<\/p>\n\n\n\n<p>Wenn Sie sich f\u00fcr eine weitergehende Therapie in meiner Praxis entscheiden, werde ich dann, zum Abschluss der probatorischen Sitzungen, einen Therapieantrag an Ihren Truppenarzt stellen. Auf dieser Grundlage wird dann ein Behandlungsausweis f\u00fcr zun\u00e4chst 25 Stunden erstellt. Dieser kann durch Ihren Truppenarzt, nach Antragstellung, falls notwendig, auf weitere Sitzungen erh\u00f6ht werden.<\/p>\n<\/div><\/details>\n<\/div>\n<\/div>\n<\/div>\n\n\n\n<div class=\"wp-block-columns alignfull are-vertically-aligned-center has-ast-global-color-5-background-color has-background is-layout-flex wp-container-core-columns-is-layout-28f84493 wp-block-columns-is-layout-flex\">\n<div class=\"wp-block-column is-vertically-aligned-center is-layout-flow wp-block-column-is-layout-flow\" style=\"flex-basis:500px\"><div class=\"is-default-size alignright wp-block-site-logo\"><a href=\"https:\/\/psychotherapie-agnesschmelmer.de\/\" class=\"custom-logo-link\" rel=\"home\"><img loading=\"lazy\" decoding=\"async\" width=\"551\" height=\"546\" src=\"https:\/\/psychotherapie-agnesschmelmer.de\/wp-content\/uploads\/2022\/04\/cropped-Logo-1-109x108.jpg\" class=\"custom-logo\" alt=\"Praxis f\u00fcr Psychotherapie\" srcset=\"\" sizes=\"auto, (max-width: 551px) 100vw, 551px\" \/><\/a><\/div><\/div>\n\n\n\n<div class=\"wp-block-column is-vertically-aligned-center is-layout-flow wp-block-column-is-layout-flow\" style=\"flex-basis:400px\">\n<p class=\"has-ast-global-color-8-color has-text-color has-medium-font-size\"><strong>Praxis f\u00fcr Psychotherapie<\/strong><\/p>\n\n\n\n<hr class=\"wp-block-separator has-text-color has-cyan-bluish-gray-color has-css-opacity has-cyan-bluish-gray-background-color has-background is-style-wide\"\/>\n\n\n\n<p>Psychologische Psychotherapeutin<br>Kolbersbach 4<br>94256 Drachselsried<\/p>\n<\/div>\n\n\n\n<div class=\"wp-block-column is-vertically-aligned-center is-layout-flow wp-block-column-is-layout-flow\" style=\"flex-basis:400px\">\n<p><\/p>\n\n\n\n<p><strong>Tel.: 09945\/902630<br>info@psychotherapie-agnesschmelmer.de<\/strong><\/p>\n<\/div>\n<\/div>\n","protected":false},"excerpt":{"rendered":"<p>Kosten Praxis f\u00fcr Psychotherapie Psychologische PsychotherapeutinKolbersbach 494256 Drachselsried Tel.: 09945\/902630info@psychotherapie-agnesschmelmer.de<\/p>\n","protected":false},"author":1,"featured_media":0,"parent":0,"menu_order":40,"comment_status":"closed","ping_status":"closed","template":"","meta":{"site-sidebar-layout":"no-sidebar","site-content-layout":"plain-container","ast-site-content-layout":"normal-width-container","site-content-style":"unboxed","site-sidebar-style":"unboxed","ast-global-header-display":"","ast-banner-title-visibility":"","ast-main-header-display":"","ast-hfb-above-header-display":"","ast-hfb-below-header-display":"","ast-hfb-mobile-header-display":"","site-post-title":"disabled","ast-breadcrumbs-content":"","ast-featured-img":"","footer-sml-layout":"","ast-disable-related-posts":"","theme-transparent-header-meta":"","adv-header-id-meta":"","stick-header-meta":"","header-above-stick-meta":"","header-main-stick-meta":"","header-below-stick-meta":"","astra-migrate-meta-layouts":"set","ast-page-background-enabled":"default","ast-page-background-meta":{"desktop":{"background-color":"var(--ast-global-color-4)","background-image":"","background-repeat":"repeat","background-position":"center center","background-size":"auto","background-attachment":"scroll","background-type":"","background-media":"","overlay-type":"","overlay-color":"","overlay-opacity":"","overlay-gradient":""},"tablet":{"background-color":"","background-image":"","background-repeat":"repeat","background-position":"center center","background-size":"auto","background-attachment":"scroll","background-type":"","background-media":"","overlay-type":"","overlay-color":"","overlay-opacity":"","overlay-gradient":""},"mobile":{"background-color":"","background-image":"","background-repeat":"repeat","background-position":"center center","background-size":"auto","background-attachment":"scroll","background-type":"","background-media":"","overlay-type":"","overlay-color":"","overlay-opacity":"","overlay-gradient":""}},"ast-content-background-meta":{"desktop":{"background-color":"var(--ast-global-color-5)","background-image":"","background-repeat":"repeat","background-position":"center center","background-size":"auto","background-attachment":"scroll","background-type":"","background-media":"","overlay-type":"","overlay-color":"","overlay-opacity":"","overlay-gradient":""},"tablet":{"background-color":"var(--ast-global-color-5)","background-image":"","background-repeat":"repeat","background-position":"center center","background-size":"auto","background-attachment":"scroll","background-type":"","background-media":"","overlay-type":"","overlay-color":"","overlay-opacity":"","overlay-gradient":""},"mobile":{"background-color":"var(--ast-global-color-5)","background-image":"","background-repeat":"repeat","background-position":"center center","background-size":"auto","background-attachment":"scroll","background-type":"","background-media":"","overlay-type":"","overlay-color":"","overlay-opacity":"","overlay-gradient":""}},"_themeisle_gutenberg_block_has_review":false,"footnotes":""},"class_list":["post-337","page","type-page","status-publish","hentry"],"_links":{"self":[{"href":"https:\/\/psychotherapie-agnesschmelmer.de\/index.php?rest_route=\/wp\/v2\/pages\/337","targetHints":{"allow":["GET"]}}],"collection":[{"href":"https:\/\/psychotherapie-agnesschmelmer.de\/index.php?rest_route=\/wp\/v2\/pages"}],"about":[{"href":"https:\/\/psychotherapie-agnesschmelmer.de\/index.php?rest_route=\/wp\/v2\/types\/page"}],"author":[{"embeddable":true,"href":"https:\/\/psychotherapie-agnesschmelmer.de\/index.php?rest_route=\/wp\/v2\/users\/1"}],"replies":[{"embeddable":true,"href":"https:\/\/psychotherapie-agnesschmelmer.de\/index.php?rest_route=%2Fwp%2Fv2%2Fcomments&post=337"}],"version-history":[{"count":36,"href":"https:\/\/psychotherapie-agnesschmelmer.de\/index.php?rest_route=\/wp\/v2\/pages\/337\/revisions"}],"predecessor-version":[{"id":790,"href":"https:\/\/psychotherapie-agnesschmelmer.de\/index.php?rest_route=\/wp\/v2\/pages\/337\/revisions\/790"}],"wp:attachment":[{"href":"https:\/\/psychotherapie-agnesschmelmer.de\/index.php?rest_route=%2Fwp%2Fv2%2Fmedia&parent=337"}],"curies":[{"name":"wp","href":"https:\/\/api.w.org\/{rel}","templated":true}]}}