{"id":176,"date":"2020-06-20T10:19:48","date_gmt":"2020-06-20T10:19:48","guid":{"rendered":"https:\/\/demosites.io\/psychologist-gb\/?page_id=176"},"modified":"2025-12-21T08:29:28","modified_gmt":"2025-12-21T08:29:28","slug":"68cc9-contact","status":"publish","type":"page","link":"https:\/\/psychotherapie-agnesschmelmer.de\/?page_id=176","title":{"rendered":"KONTAKT"},"content":{"rendered":"\n<div id=\"wp-block-themeisle-blocks-advanced-columns-66d1b4b6\" class=\"wp-block-themeisle-blocks-advanced-columns alignfull has-1-columns has-desktop-equal-layout has-tablet-equal-layout has-mobile-equal-layout has-vertical-unset\"><div class=\"wp-block-themeisle-blocks-advanced-columns-overlay\"><\/div><div class=\"innerblocks-wrap\">\n<div id=\"wp-block-themeisle-blocks-advanced-column-4fb118d5\" class=\"wp-block-themeisle-blocks-advanced-column\">\n<p class=\"has-text-align-center has-ast-global-color-8-color has-text-color has-large-font-size\"><\/p>\n<\/div>\n<\/div><\/div>\n\n\n\n<p><strong>Telefonsprechzeit<\/strong><br>Pers\u00f6nlich erreichen Sie mich jeweils Mittwoch von 08:00 &#8211; 08:30 Uhr und Donnerstag von 08:00 &#8211; 08:30 Uhr und von 11:30 &#8211; 12:20 Uhr unter der Telefonnummer 09945\/902630.<br><br>Au\u00dferhalb meiner Sprechzeit hinterlassen Sie mir bitte eine Nachricht auf der Mailbox oder schreiben Sie mir eine E-Mail an <br>info@psychotherapie-agnesschmelmer.de<br>Bitte teilen Sie mir mit, wann und unter welcher Telefonnummer ich Sie am besten erreichen kann. Ich rufe Sie gerne zur\u00fcck.<\/p>\n\n\n\n<p><br><strong>Praxis f\u00fcr Psychotherapie<\/strong><br><strong>Kolbersbach 4<\/strong><br><strong>94256 Drachselsried<\/strong><br>09945\/902630<\/p>\n\n\n\n<p>Meine Praxis befindet sich im Untergeschoss eines Wohngeb\u00e4udes. Die Praxis ist \u00fcber 10 Stufen, leider nicht barrierefrei, erreichbar. Parkpl\u00e4tze sind ausreichend vorhanden. Die Praxis ist nicht mit \u00f6ffentlichen Verkehrsmitteln erreichbar.<\/p>\n\n\n<div style=\"height:400pxpx;\" class=\"wp-block-themeisle-blocks-leaflet-map\" id=\"wp-block-themeisle-blocks-leaflet-map-cd6262ce\"><\/div>\n<script type=\"text\/javascript\">\n\t\/* <![CDATA[ *\/\n\t\tif ( ! window.themeisleLeafletMaps ) window.themeisleLeafletMaps =[];\n\t\twindow.themeisleLeafletMaps.push( { container: \"wp-block-themeisle-blocks-leaflet-map-cd6262ce\", attributes: {\"id\":\"wp-block-themeisle-blocks-leaflet-map-cd6262ce\",\"latitude\":\"49.0942438047394\",\"longitude\":\"12.993307113647463\",\"bbox\":\"12.973780632019045,49.08862314935035,13.01283359527588,49.09986382379879\",\"zoom\":15,\"markers\":[{\"latitude\":49.09549443107884,\"longitude\":12.990919947624208,\"id\":\"e025b29e-d4ae-44c0-a3ed-b78f71e6ab66\",\"title\":\"Psychotherapie Agnes Schmelmer\",\"description\":\"\"}],\"location\":\"La Sagrada Familia, Barcelona, Spain\",\"height\":\"400px\",\"zoomControl\":true,\"draggable\":true,\"hasCustomCSS\":false,\"customCSS\":\"\",\"otterConditions\":[]} } );\n\t\/* ]]> *\/\n<\/script>\n\n\n\n<div class=\"wp-block-columns alignfull are-vertically-aligned-center has-ast-global-color-5-background-color has-background is-layout-flex wp-container-core-columns-is-layout-28f84493 wp-block-columns-is-layout-flex\">\n<div class=\"wp-block-column is-vertically-aligned-center is-layout-flow wp-block-column-is-layout-flow\" style=\"flex-basis:500px\"><div class=\"is-default-size alignright wp-block-site-logo\"><a href=\"https:\/\/psychotherapie-agnesschmelmer.de\/\" class=\"custom-logo-link\" rel=\"home\"><img loading=\"lazy\" decoding=\"async\" width=\"551\" height=\"546\" src=\"https:\/\/psychotherapie-agnesschmelmer.de\/wp-content\/uploads\/2022\/04\/cropped-Logo-1-109x108.jpg\" class=\"custom-logo\" alt=\"Praxis f\u00fcr Psychotherapie\" srcset=\"\" sizes=\"auto, (max-width: 551px) 100vw, 551px\" \/><\/a><\/div><\/div>\n\n\n\n<div class=\"wp-block-column is-vertically-aligned-center is-layout-flow wp-block-column-is-layout-flow\" style=\"flex-basis:400px\">\n<p class=\"has-ast-global-color-8-color has-text-color has-medium-font-size\"><strong>Praxis f\u00fcr Psychotherapie<\/strong><\/p>\n\n\n\n<hr class=\"wp-block-separator has-text-color has-cyan-bluish-gray-color has-css-opacity has-cyan-bluish-gray-background-color has-background is-style-wide\"\/>\n\n\n\n<p>Psychologische Psychotherapeutin<br>Kolbersbach 4<br>94256 Drachselsried<\/p>\n<\/div>\n\n\n\n<div class=\"wp-block-column is-vertically-aligned-center is-layout-flow wp-block-column-is-layout-flow\" style=\"flex-basis:400px\">\n<p><\/p>\n\n\n\n<p><strong>Tel.: 09945\/902630<br>info@psychotherapie-agnesschmelmer.de<\/strong><\/p>\n<\/div>\n<\/div>\n","protected":false},"excerpt":{"rendered":"<p>TelefonsprechzeitPers\u00f6nlich erreichen Sie mich jeweils Mittwoch von 08:00 &#8211; 08:30 Uhr und Donnerstag von 08:00 &#8211; 08:30 Uhr und von 11:30 &#8211; 12:20 Uhr unter der Telefonnummer 09945\/902630. Au\u00dferhalb meiner Sprechzeit hinterlassen Sie mir bitte eine Nachricht auf der Mailbox oder schreiben Sie mir eine E-Mail an info@psychotherapie-agnesschmelmer.deBitte teilen Sie mir mit, wann und unter [&hellip;]<\/p>\n","protected":false},"author":1,"featured_media":0,"parent":0,"menu_order":50,"comment_status":"closed","ping_status":"closed","template":"","meta":{"site-sidebar-layout":"no-sidebar","site-content-layout":"plain-container","ast-site-content-layout":"normal-width-container","site-content-style":"unboxed","site-sidebar-style":"unboxed","ast-global-header-display":"","ast-banner-title-visibility":"","ast-main-header-display":"","ast-hfb-above-header-display":"","ast-hfb-below-header-display":"","ast-hfb-mobile-header-display":"","site-post-title":"disabled","ast-breadcrumbs-content":"","ast-featured-img":"","footer-sml-layout":"","ast-disable-related-posts":"","theme-transparent-header-meta":"","adv-header-id-meta":"","stick-header-meta":"","header-above-stick-meta":"","header-main-stick-meta":"","header-below-stick-meta":"","astra-migrate-meta-layouts":"set","ast-page-background-enabled":"default","ast-page-background-meta":{"desktop":{"background-color":"var(--ast-global-color-4)","background-image":"","background-repeat":"repeat","background-position":"center center","background-size":"auto","background-attachment":"scroll","background-type":"","background-media":"","overlay-type":"","overlay-color":"","overlay-opacity":"","overlay-gradient":""},"tablet":{"background-color":"","background-image":"","background-repeat":"repeat","background-position":"center center","background-size":"auto","background-attachment":"scroll","background-type":"","background-media":"","overlay-type":"","overlay-color":"","overlay-opacity":"","overlay-gradient":""},"mobile":{"background-color":"","background-image":"","background-repeat":"repeat","background-position":"center center","background-size":"auto","background-attachment":"scroll","background-type":"","background-media":"","overlay-type":"","overlay-color":"","overlay-opacity":"","overlay-gradient":""}},"ast-content-background-meta":{"desktop":{"background-color":"var(--ast-global-color-5)","background-image":"","background-repeat":"repeat","background-position":"center center","background-size":"auto","background-attachment":"scroll","background-type":"","background-media":"","overlay-type":"","overlay-color":"","overlay-opacity":"","overlay-gradient":""},"tablet":{"background-color":"var(--ast-global-color-5)","background-image":"","background-repeat":"repeat","background-position":"center center","background-size":"auto","background-attachment":"scroll","background-type":"","background-media":"","overlay-type":"","overlay-color":"","overlay-opacity":"","overlay-gradient":""},"mobile":{"background-color":"var(--ast-global-color-5)","background-image":"","background-repeat":"repeat","background-position":"center center","background-size":"auto","background-attachment":"scroll","background-type":"","background-media":"","overlay-type":"","overlay-color":"","overlay-opacity":"","overlay-gradient":""}},"_themeisle_gutenberg_block_has_review":false,"footnotes":""},"class_list":["post-176","page","type-page","status-publish","hentry"],"_links":{"self":[{"href":"https:\/\/psychotherapie-agnesschmelmer.de\/index.php?rest_route=\/wp\/v2\/pages\/176","targetHints":{"allow":["GET"]}}],"collection":[{"href":"https:\/\/psychotherapie-agnesschmelmer.de\/index.php?rest_route=\/wp\/v2\/pages"}],"about":[{"href":"https:\/\/psychotherapie-agnesschmelmer.de\/index.php?rest_route=\/wp\/v2\/types\/page"}],"author":[{"embeddable":true,"href":"https:\/\/psychotherapie-agnesschmelmer.de\/index.php?rest_route=\/wp\/v2\/users\/1"}],"replies":[{"embeddable":true,"href":"https:\/\/psychotherapie-agnesschmelmer.de\/index.php?rest_route=%2Fwp%2Fv2%2Fcomments&post=176"}],"version-history":[{"count":48,"href":"https:\/\/psychotherapie-agnesschmelmer.de\/index.php?rest_route=\/wp\/v2\/pages\/176\/revisions"}],"predecessor-version":[{"id":810,"href":"https:\/\/psychotherapie-agnesschmelmer.de\/index.php?rest_route=\/wp\/v2\/pages\/176\/revisions\/810"}],"wp:attachment":[{"href":"https:\/\/psychotherapie-agnesschmelmer.de\/index.php?rest_route=%2Fwp%2Fv2%2Fmedia&parent=176"}],"curies":[{"name":"wp","href":"https:\/\/api.w.org\/{rel}","templated":true}]}}